*c + 21. What is w(12)?
-63
Let g(y) = -68*y**3 + 3*y**2 + y. What is g(-1)?
70
Let u(i) = -i**2 - 4*i + 8. Determine u(-7).
-13
Let x(p) = -8*p**2 - 5*p - 1. Calculate x(2).
-43
Let h(d) = -d + 12. Determine h(6).
6
Let d(q) = -2*q**3 - 5*q**2 - 2*q. Determine d(-3).
15
Let d(v) = -2*v**2 - 27*v - 14. Give d(-13).
-1
Let y(h) = 17*h - 48. Calculate y(3).
3
Let t(z) = 14*z - 2. Determine t(-1).
-16
Let m(j) = -j + 10. Give m(16).
-6
Let i(t) = -4*t**2 - 20*t + 20. Give i(-6).
-4
Let v(j) = j**2 + 6*j - 13. Determine v(3).
14
Let h(m) = m + 2. Give h(3).
5
Let l(n) = -n**3 - 5*n**2 + 6*n - 21. Calculate l(-6).
-21
Let a(z) = z**2 - 20*z + 51. Give a(3).
0
Let d(j) = -20*j**3 + 2*j**2 - j. Give d(1).
-19
Let m(v) = v**3 + 4. Calculate m(-3).
-23
Let f(s) = -7*s - 37. Give f(-5).
-2
Let v(u) = -u**3 + 39*u**2 - 39*u + 41. What is v(38)?
3
Let x(j) = -j**3 - 8*j**2 + j + 9. What is x(-8)?
1
Let b(t) = t - 9. What is b(4)?
-5
Let b(c) = -18*c**3 - 2*c**2 + 2*c - 1. Calculate b(1).
-19
Let p(r) = -2*r**2 + 29*r - 95. Give p(9).
4
Let a(n) = -n**3 - 15*n**2 + 35*n + 23. Determine a(-17).
6
Let h(c) = -c**2 + 7*c + 12. Determine h(11).
-32
Let i(q) = -q**3 - 4*q**2 + 5*q - 8. What is i(-5)?
-8
Let b(h) = -h**2 - 19*h - 41. Calculate b(-16).
7
Let c(x) = -x**3 - 25*x**2 - 23*x - 17. Give c(-24).
-41
Let c(p) = 27*p - 8. Give c(2).
46
Let d(f) = -2*f**2 - 9*f + 10. Calculate d(-6).
-8
Let j(c) = c**3 - 11*c**2 + 16*c - 1. Calculate j(6).
-85
Let r(d) = -2*d**3 - 26*d**2 - 4*d + 18. Calculate r(-13).
70
Let s(f) = -6*f + 2. What is s(5)?
-28
Let p(n) = -n + 53. What is p(-8)?
61
Let o(f) = -3*f - 20. Give o(-7).
1
Let d(o) = -o**2 - o + 15. Determine d(0).
15
Let n(j) = 2*j - 18. Determine n(0).
-18
Let x(k) = 88*k. Determine x(1).
88
Let g(v) = 5*v**2 + v + 3. Determine g(-4).
79
Let l(r) = -r**2 - 12*r - 6. Give l(-12).
-6
Let u(f) = -f**3 - 5*f**2 - 4*f - 1. What is u(-4)?
-1
Let x(y) = 7*y. What is x(-1)?
-7
Let v(c) = -2*c**3 + 22*c**2 - c + 15. Give v(11).
4
Let f(v) = 3*v + 14. What is f(-11)?
-19
Let h(r) = -7*r**2 - 9*r. Give h(-3).
-36
Let v(k) = -16*k**2. Determine v(-1).
-16
Let m(w) = -w**2 - 7*w - 1. Determine m(-6).
5
Let q(h) = 3*h - 44. Determine q(12).
-8
Let b(a) = -a**2 - 12*a + 9. Determine b(-10).
29
Let z(v) = -v**3 + 3*v**2 + v - 15. Determine z(0).
-15
Let a(u) = u**3 - 6*u**2 - 9*u - 5. Calculate a(7).
-19
Let o(t) = -16*t - 6. Determine o(-6).
90
Let g(l) = l**2 + 2*l + 1. Give g(-2).
1
Let n(u) = -4*u**2 + 45*u + 103. Give n(-2).
-3
Let a(y) = 16*y - 9. Calculate a(3).
39
Let w(j) = j - 7. Calculate w(8).
1
Let q(d) = -9*d + 137. Calculate q(22).
-61
Let k(a) = a**2 + 11*a + 19. Calculate k(-10).
9
Let v(m) = -m**3 + 17*m**2 + 17*m + 26. Calculate v(18).
8
Let l(c) = c - 2. Calculate l(4).
2
Let t(k) = 3*k**2 + k - 4. Give t(3).
26
Let v(c) = -5*c - 8. Calculate v(-4).
12
Let p(w) = -w**3 - w - 1. Determine p(-3).
29
Let v(a) = 4*a - 19. Give v(8).
13
Let y(h) = h**2 - 10*h - 10. Give y(-1).
1
Let x(m) = m**2 - 11*m + 26. Give x(11).
26
Let v(d) = -2*d**2 - 15*d - 7. Determine v(-7).
0
Let m(d) = -d**2 - 16*d + 114. Give m(5).
9
Let a(h) = -34*h - 187. Calculate a(-6).
17
Let q(d) = -d**2 + 7*d + 13. Calculate q(9).
-5
Let d(s) = -s - 5. Determine d(-4).
-1
Let b(y) = y + 18. Give b(-21).
-3
Let f(v) = 2*v**2 + 17*v + 17. Give f(-7).
-4
Let o(t) = -t**3 - 3*t**2 + t - 3. Calculate o(-4).
9
Let c(z) = -2*z**3 - 11*z**2 + 6*z - 4. Calculate c(-6).
-4
Let j(t) = -t - 1. Give j(-4).
3
Let f(y) = y + 8. What is f(7)?
15
Let a(h) = h**3 - 14*h**2 + 15*h - 16. Determine a(13).
10
Let h(g) = -g**3 - 15*g**2 - 4*g + 153. Calculate h(-14).
13
Let w(r) = -2*r**2 - 17*r + 65. Give w(-12).
-19
Let f(g) = -2*g**3 - 8*g**2 + 2*g + 9. Give f(-4).
1
Let s(q) = -4*q**2 + 3*q + 2. Calculate s(-2).
-20
Let m(n) = -n**3 + 7*n**2 - 11*n + 6. What is m(5)?
1
Let s(z) = z**3 + 8*z**2 + 12*z + 5. What is s(-8)?
-91
Let y(i) = -6*i**2 - 154*i + 49. Give y(-26).
-3
Let l(v) = 7*v**2 - 54*v + 53. Calculate l(1).
6
Let o(v) = 3*v - 2. Determine o(5).
13
Let o(f) = -71*f - 1061. Calculate o(-15).
4
Let z(l) = 2*l**3 + 2*l**2 + 3*l - 2. Give z(-2).
-16
Let h(d) = 85*d - 78. Calculate h(1).
7
Let q(d) = d**3 - 11*d**2 - 2*d + 16. Give q(11).
-6
Let q(l) = 11*l + 35. Give q(-4).
-9
Let n(u) = -23*u**2 + 6*u - 4. Calculate n(1).
-21
Let n(l) = -3*l**3 + 6*l**2 + 7*l - 6. Give n(4).
-74
Let u(c) = -c**3 - 12*c**2 + 30*c + 17. What is u(-14)?
-11
Let u(q) = -q**2 + 4*q + 11. What is u(-3)?
-10
Let o(s) = 4*s**2 - 2*s + 7. Determine o(7).
189
Let a(o) = o + 13. Calculate a(9).
22
Let w(m) = -7*m**2 - 10*m - 1. Calculate w(-2).
-9
Let a(x) = -2*x**3 - x**2 - 2*x - 25. What is a(0)?
-25
Let t(d) = d**3 + 6*d**2 + 9*d + 10. What is t(-6)?
-44
Let d(b) = 2*b + 1. Give d(-3).
-5
Let k(g) = -g**3 - 6*g**2 + 11*g - 28. Give k(-8).
12
Let k(h) = -h**3 + 3*h**2 + 13*h - 39. Calculate k(4).
-3
Let o(t) = t**2 - 4*t - 4. Give o(0).
-4
Let m(z) = -9*z**2 - 4*z + 4. Give m(3).
-89
Let v(j) = j**2 + 10*j - 27. Calculate v(-12).
-3
Let a(c) = c**3 - c**2 - c + 4. Determine a(2).
6
Let j(p) = p**3 + 7*p**2 - p - 5. What is j(-6)?
37
Let k(g) = g**2 - 3*g - 7. What is k(-2)?
3
Let o(t) = -2*t**2 + 15*t - 26. What is o(3)?
1
Let w(y) = -y**3 - 8*y**2 + 8*y + 1. Determine w(-8).
-63
Let l(v) = -15*v + 355. Give l(22).
25
Let f(s) = s**3 - 18*s**2 + 14*s + 40. Give f(17).
-11
Let v(m) = -m**3 + 6*m**2 - 4. What is v(3)?
23
Let a(z) = 5*z - 2. Calculate a(2).
8
Let m(g) = -g + 8. Determine m(12).
-4
Let i(j) = j**3 + j**2 - 16*j + 6. Calculate i(4).
22
Let h(v) = v**3 - 2*v**2 - 13*v + 21. Give h(4).
1
Let f(w) = -2*w**2 + 8*w + 20. Give f(-4).
-44
Let x(m) = -2*m + 19. Determine x(-11).
41
Let u(l) = l**3 - l**2 - 58*l - 4. What is u(-7)?
10
Let g(r) = 12*r**2 + 1. Calculate g(1).
13
Let g(s) = 2*s**3 - 5*s**2 + 6*s + 6. What is g(2)?
14
Let c(k) = -k**3 - 9*k**2 + 19*k + 45. Determine c(-11).
78
Let n(i) = i**2 - 18*i - 5. Calculate n(12).
-77
Let j(l) = l**2 + 12*l + 30. Give j(-12).
30
Let f(b) = -b**3 - 2*b**2 + 2*b - 59. Calculate f(0).
-59
Let v(i) = -i**2 - 6*i + 8. Give v(-7).
1
Let x(c) = -3*c**2 - 42*c + 7. Calculate x(-14).
7
Let x(p) = 25*p - 331. Give x(14).
19
Let r(y) = 3*y**2 - 10*y - 9. Calculate r(-1).
4
Let z(w) = -11*w + 2. Give z(-12).
134
Let c(t) = t + 4. Give c(9).
13
Let f(a) = a - 1. What is f(-2)?
-3
Let i(r) = 10*r - 37. What is i(0)?
-37
Let v(p) = -6*p - 57. What is v(-8)?
-9
Let c(j) = 2*j**3 + 27*j**2 - 13*j + 1. Give c(-14).
-13
Let a(r) = r**2 + 6*r + 6. Calculate a(-4).
-2
Let x(f) = f**3 + 16*f**2 + 12*f - 12. Determine x(-15).
33
Let y(a) = a + 15. Calculate y(-36).
-21
Let x(d) = d**2 - 14*d + 33. Give x(3).
0
Let s(g) = g**2 - 19*g - 48. Calculate s(19).
-48
Let p(t) = -t**3 + 10*t**2 - 10*t + 89. Give p(10).
-11
Let k(o) = 3*o**2 - 23*o + 9. What is k(8)?
17
Let t(y) = 50*y**2 - y. What is t(1)?
49
Let v(o) = o + 22. What is v(-22)?
0
Let s(b) = -42*b**2 + 4*b + 3. Give s(1).
-35
Let q(s) = 6*s - 40. What is q(16)?
56
Let z(a) = -5*a - 62. Give z(-13).
3
Let b(q) = -q**2 + 13*q - 14. What is b(10)?
16
Let f(o) = -o**2 + 19*o + 24. Give f(20).
4
Let u(w) = -w**3 + 7*w**2 + 6*w - 5. Give u(7).
37
Let q(a) = -a**2 + 3*a. Give q(3).
0
Let s(d) = 2*d**2 + d - 6. Calculate s(3).
15
Let w(d) = -14*d**2 - 4. Determine w(2).
-60
Let w(y) = 3*y + 11. Determine w(-10).
-19
Let q(m) = 9*m - 48. Calculate q(6).
6
Let g(b) = b**3 - 8*b**2 + 15*b - 30. What is g(6)?
-12
Let a(z) = -2*z**2 - 14*z - 30. Give a(-6).
-18
Let n(v) = -v**2 + 13*v - 5. Give n(12).
7
Let d(w) = 87*w - 194. Determine d(2).
-20
Let t(q) = 10*q**3 + q**2 - 2*q + 1. Give t(1).
10
Let t(h) = 2*h**2 - 20*h - 13. What is t(10)?
-13
Let k(h) = 9*h**3 + 3*h**2 + 3*h - 2. What is k(2)?
88
Let q(m) = 8*m - 87. Give q(16).
41
Let s(u) = u**3 - 3*u**2 + 3. What is s(3)?
3
Let b(n) = 2*n**2 - 43*n + 20. What is b(21)?
-1
Let d(f) = 13*f + 32. What is d(-3)?
-7
Let q(m) = -m**3 - 2*m**2 + 24*m + 60. Calculate q(-4).
-4
Let z(o) = -o**3 - 17*o**2 - 23*o - 75. Give z(-16).
37
Let o(b) = -b**3 + 6*b**2 + 8*b - 3. Calculate o(7).
4
Let o(f) = -f**3 - 4*f**2 + 20*f - 13. Give o(-7).
-6
Let d(s) = s - 8. Give d(9).
1
Let s(g) = g**2 + 9*g - 58. Give s(0).
-58
Let y(s) = s**3 + 3*s**2 + s + 4. Give 